he prime factors of 9090458?
2, 13, 43, 47, 173
What are the prime factors of 29304746?
2, 101, 239, 607
List the prime factors of 745050.
2, 3, 5, 4967
List the prime factors of 7475123.
31, 59, 61, 67
What are the prime factors of 204286?
2, 23, 4441
List the prime factors of 763901.
763901
What are the prime factors of 4071002?
2, 13, 156577
What are the prime factors of 138427?
138427
List the prime factors of 21488765.
5, 17, 241, 1049
What are the prime factors of 476372?
2, 13, 9161
List the prime factors of 6863933.
41, 167413
What are the prime factors of 192868?
2, 13, 3709
What are the prime factors of 1870223?
1870223
List the prime factors of 23291100.
2, 3, 5, 7, 3697
What are the prime factors of 1052935?
5, 13, 97, 167
What are the prime factors of 284454?
2, 3, 15803
List the prime factors of 8928473.
2543, 3511
List the prime factors of 804370.
2, 5, 7, 11491
List the prime factors of 681642.
2, 3, 13, 971
What are the prime factors of 2381416?
2, 179, 1663
What are the prime factors of 11888950?
2, 5, 17, 71, 197
What are the prime factors of 65023?
7, 1327
What are the prime factors of 237003?
3, 13, 59, 103
List the prime factors of 146339.
61, 2399
List the prime factors of 202540.
2, 5, 13, 19, 41
List the prime factors of 240968.
2, 7, 13, 331
List the prime factors of 172019.
31, 179
List the prime factors of 273166.
2, 73, 1871
List the prime factors of 356736.
2, 3, 929
List the prime factors of 190017.
3, 43, 491
What are the prime factors of 103615?
5, 17, 23, 53
What are the prime factors of 4293202?
2, 19, 112979
What are the prime factors of 1049592?
2, 3, 101, 433
What are the prime factors of 8177081?
11, 41, 18131
What are the prime factors of 1696811?
1696811
List the prime factors of 13602647.
131, 103837
What are the prime factors of 24442162?
2, 47, 260023
What are the prime factors of 823658?
2, 11, 29, 1291
List the prime factors of 12425.
5, 7, 71
What are the prime factors of 3210457?
3210457
What are the prime factors of 256309?
17, 15077
What are the prime factors of 4932051?
3, 23, 71479
What are the prime factors of 361991?
7, 51713
List the prime factors of 103734.
2, 3, 17, 113
What are the prime factors of 5082747?
3, 19, 23, 3877
List the prime factors of 1997229.
3, 13, 83, 617
List the prime factors of 8644866.
2, 3, 1440811
List the prime factors of 1153656.
2, 3, 7, 109
List the prime factors of 251761.
251761
What are the prime factors of 690001?
13, 53077
List the prime factors of 10101892.
2, 2525473
List the prime factors of 26116092.
2, 3, 725447
List the prime factors of 459725.
5, 7, 37, 71
List the prime factors of 1006591.
41, 24551
What are the prime factors of 4995236?
2, 1248809
List the prime factors of 1094586.
2, 3, 182431
List the prime factors of 756074.
2, 11, 34367
What are the prime factors of 2510916?
2, 3, 83, 2521
List the prime factors of 124747.
7, 71, 251
What are the prime factors of 30746910?
2, 3, 5, 137, 7481
What are the prime factors of 104539?
107, 977
What are the prime factors of 489190?
2, 5, 13, 53, 71
What are the prime factors of 6859801?
13, 157, 3361
List the prime factors of 238801.
238801
List the prime factors of 4755476.
2, 11, 108079
What are the prime factors of 21614534?
2, 419, 25793
What are the prime factors of 1693981?
149, 11369
What are the prime factors of 302863?
11, 2503
What are the prime factors of 88714?
2, 44357
List the prime factors of 1813106.
2, 109, 8317
List the prime factors of 270300.
2, 3, 5, 17, 53
List the prime factors of 105025.
5, 4201
List the prime factors of 19921564.
2, 13, 383107
List the prime factors of 3482940.
2, 3, 5, 58049
What are the prime factors of 3432434?
2, 1716217
What are the prime factors of 981172?
2, 17, 47, 307
List the prime factors of 5558001.
3, 41, 73, 619
What are the prime factors of 30779235?
3, 5, 683983
What are the prime factors of 202816?
2, 3169
List the prime factors of 52356.
2, 3, 4363
List the prime factors of 2290333.
29, 78977
List the prime factors of 528556.
2, 7, 43, 439
List the prime factors of 2678226.
2, 3, 349, 1279
List the prime factors of 3096603.
3, 114689
List the prime factors of 32242.
2, 7, 47
List the prime factors of 1318044.
2, 3, 7, 13, 17, 71
What are the prime factors of 265796?
2, 66449
What are the prime factors of 2271060?
2, 3, 5, 11, 31, 37
List the prime factors of 675848.
2, 84481
List the prime factors of 4001239.
11, 17, 21397
List the prime factors of 29718.
2, 3, 13, 127
What are the prime factors of 1489015?
5, 11, 27073
List the prime factors of 4515199.
13, 23, 15101
List the prime factors of 180686.
2, 11, 43, 191
List the prime factors of 574983.
3, 29, 2203
What are the prime factors of 1458034?
2, 47, 15511
List the prime factors of 93437.
223, 419
List the prime factors of 302769.
3, 33641
What are the prime factors of 734115?
3, 5, 109, 449
What are the prime factors of 9705121?
9705121
List the prime factors of 2676365.
5, 535273
What are the prime factors of 4429453?
7, 90397
What are the prime factors of 183077?
29, 59, 107
What are the prime factors of 7182640?
2, 5, 89783
What are the prime factors of 817967?
151, 5417
What are the prime factors of 959390?
2, 5, 197, 487
What are the prime factors of 31764736?
2, 167, 743
What are the prime factors of 867962?
2, 433981
What are the prime factors of 90919?
23, 59, 67
What are the prime factors of 296861?
23, 12907
List the prime factors of 275253.
3, 11, 19, 439
What are the prime factors of 6570479?
23, 285673
List the prime factors of 40948.
2, 29, 353
List the prime factors of 1150336.
2, 11, 19, 43
What are the prime factors of 1130294?
2, 11, 83, 619
What are the prime factors of 339260?
2, 5, 16963
List the prime factors of 427097.
11, 41, 947
What are the prime factors of 1453260?
2, 3, 5, 53, 457
List the prime factors of 554044.
2, 138511
What are the prime factors of 108496?
2, 6781
List the prime factors of 7857175.
5, 43, 7309
What are the prime factors of 9097634?
2, 7, 13, 37, 193
List the prime factors of 213184.
2, 3331
List the prime factors of 175766.
2, 23, 3821
What are the prime factors of 182605?
5, 59, 619
What are the prime factors of 568845?
3, 5, 12641
List the prime factors of 995710.
2, 5, 99571
What are the prime factors of 5182866?
2, 3, 13, 23, 107
List the prime factors of 228680.
2, 5, 5717
List the prime factors of 703850.
2, 5, 7, 2011
List the prime factors of 10580185.
5, 7, 11, 27481
What are the prime factors of 1741382?
2, 870691
List the prime factors of 14747593.
7, 787, 2677
List the prime factors of 255888.
2, 3, 1777
List the prime factors of 1918122.
2, 3, 319687
What are the prime factors of 178472?
2, 7, 3187
List the prime factors of 6684165.
3, 5, 148537
List the prime factors of 2024163.
3, 61, 1229
List the prime factors of 1466572.
2, 19, 23, 839
List the prime factors of 117144.
2, 3, 1627
List the prime factors of 1263514.
2, 7, 12893
What are the prime factors of 251611?
251611
List the prime factors of 13024667.
2837, 4591
What are the prime factors of 571475?
5, 22859
What are the prime factors of 129275?
5, 5171
List the prime factors of 547219.
19, 83, 347
What are the prime factors of 7117273?
271, 26263
What are the prime factors of 24070552?
2, 11, 523
List the prime factors of 1147686.
2, 3, 191281
List the prime factors of 3608903.
3608903
List the prime factors of 10493983.
227, 46229
What are the prime factors of 3745330?
2, 5, 353, 1061
What are the prime factors of 1325573?
19, 69767
What are the prime factors of 9417273?
3, 31, 109, 929
List the prime factors of 167153.
7, 23879
What are the prime factors of 692193?
3, 179, 1289
List the prime factors of 1216972.
2, 367, 829
List the prime factors of 19259753.
67, 263, 1093
List the prime factors of 1370967.
3, 13, 35153
List the prime factors of 556570.
2, 5, 7, 7951
List the prime factors of 791279.
599, 1321
What are the prime factors of 312647?
17, 53, 347
What are the prime factors of 455838?
2, 3, 17, 41, 109
List the prime factors of 1722905.
5, 37, 67, 139
What are the prime factors of 466268?
2, 11, 10597
What are the prime factors of 27617?
27617
List the prime factors of 216465.
3, 5, 14431
List the prime factors of 119658.
2, 3, 7, 11, 37
What 